 -5*s. Suppose 4*z - s = -727. Let r be (6/(-4))/(9/z). Calculate the highest common divisor of 55 and r.
11
Suppose q - 7 = 21. What is the greatest common factor of 224 and q?
28
Let v(s) = -4*s - 8. Let k be v(-7). Let c be -10*5/(k/(-18)). Calculate the highest common divisor of c and 18.
9
Let k = -25 - -130. Let z = 31 + -16. Calculate the greatest common factor of z and k.
15
Suppose -n = -5*n - 76. Let d = n + 64. Calculate the highest common divisor of d and 5.
5
Suppose 24*g = 23*g + 65. Calculate the highest common divisor of g and 26.
13
Let u(w) = 5*w**2 - 7 - w**3 + 3*w**2 + 0 - 4*w + 1. Let y be u(6). What is the greatest common divisor of 28 and y?
14
Let i = 66 - -66. Let c be (i/(-30))/(4/(-10)). Calculate the highest common divisor of c and 121.
11
Suppose 0 = t - 3*p - 24 - 57, 3*p = 9. What is the greatest common factor of t and 10?
10
Let q(v) = 49*v + 1. Let h = -8 + 10. Suppose -x - h*x = 5*s + 17, 3*x = -3*s - 9. Let m be q(x). Calculate the highest common divisor of m and 10.
10
Suppose 0 = -4*w + 1659 + 1941. Suppose -x + 3*x = w. Suppose 3*p - 6*p + x = 0. What is the greatest common divisor of 15 and p?
15
Suppose -135 = 3*s + 2*s. Let l = -20 - s. What is the greatest common divisor of 77 and l?
7
Let q(o) = -3*o - 4. Let u be q(-6). Calculate the highest common divisor of u and 28.
14
Let a = -103 + 190. Let l = 220 - a. Calculate the highest common factor of l and 19.
19
Let x = -18 - -42. What is the highest common factor of x and 60?
12
Let m(r) = r**3 + r**2 - r - 42. Let c be m(0). Let v = -68 - c. Let q be 0 + 0 - (v + 2). What is the highest common divisor of q and 216?
24
Suppose 0*d - 4*d + 32 = 0. Let v be ((-10)/d)/((-1)/12). What is the highest common divisor of 150 and v?
15
Suppose -4*f - f + 1000 = 0. Suppose 5*x + f = x. Let c be (-8 - -5) + (1 - x). What is the highest common divisor of c and 6?
6
Suppose -u = -2*u + 88. Let d be ((-40)/(-12) + -2)*3. Let a be (d/2)/((-4)/(-22)). Calculate the highest common factor of a and u.
11
Let u = 2 - 5. Let i be (4 - 1) + u/3. Let w be (i*3)/(-3) + 3. What is the highest common divisor of 8 and w?
1
Let d = 116 + -21. Calculate the greatest common divisor of 19 and d.
19
Let s = -6 - -9. Suppose 3*o - 1 - 41 = 0. Suppose -4*d + 2 = o, 0 = 2*p - 2*d - 72. What is the greatest common factor of p and s?
3
Let d be (-24)/(-216) - (1646/(-9) + 1). Calculate the highest common factor of d and 26.
26
Let i = 59 + 61. Calculate the greatest common factor of i and 24.
24
Let d be (-363)/(-15) + (1 - 6/5). What is the greatest common divisor of d and 36?
12
Let w(x) be the second derivative of -x**3/3 - 3*x**2/2 + x. Let i = -84 - -78. Let o be w(i). What is the greatest common factor of 27 and o?
9
Suppose -3*l = -4*u - l + 6, 4*l = 5*u. Suppose 0 = u*x, 0*x = -4*h + 2*x + 40. Calculate the highest common factor of 5 and h.
5
Let m(g) = g**3 - 11*g**2 + 32*g + 5. Let k be m(6). Calculate the highest common divisor of k and 272.
17
Suppose -7*l + 4*l + 243 = 0. What is the greatest common factor of 9 and l?
9
Let g = 137 - -6. What is the greatest common divisor of g and 13?
13
Suppose 2*x = 55 + 45. Let o = -20 + x. Calculate the greatest common divisor of o and 12.
6
Let a be (-258)/8*8/2. Let m be 1 - 0 - 1 - 3. Let s be (-2)/m + a/(-9). What is the greatest common factor of 105 and s?
15
Let g be 62/(-155) - 3/(15/(-7)). Let k be 3 + -3 - (-3 - 0). Suppose y - k*y = -18. What is the greatest common factor of g and y?
1
Let z be (-3 + -1)*(-2)/4. Let a be (4/(-3))/(z/(-180)). Calculate the greatest common divisor of a and 12.
12
Let s be 1176/16 - 9/6. What is the greatest common divisor of s and 12?
12
Let r = 28 - -47. Suppose -x - 2*x = -r. What is the highest common factor of 75 and x?
25
Let l(x) = x**3 - 3*x**2 - 2*x. Let v be l(4). Let o(m) = -m + 8. Let q be o(4). Suppose q*j = -0*j + 80. What is the greatest common divisor of v and j?
4
Suppose 4*h + 3 = 2*n + 5, 0 = 3*n - 3*h - 6. Suppose n*f + 3 = 8. Suppose -3 + 1 = -2*k. Calculate the highest common divisor of k and f.
1
Suppose 0 = 6*l - 10*l + 40. What is the highest common factor of l and 20?
10
Let l(f) = 2*f**3 + f - 1. Let i be l(1). Suppose 4*t - i*m - 52 = 0, 4*m + 0*m + 38 = 2*t. Calculate the greatest common divisor of 99 and t.
11
Let r = -2 - -13. Let w = -5 - -5. Suppose -1 = -p + 4, 4*c - 5*p - 107 = w. What is the greatest common divisor of c and r?
11
Let y(r) = -3*r + 3. Let q be y(-5). What is the greatest common divisor of 126 and q?
18
Let r = -389 - -399. Let h be 20/(-6)*1*-3. Calculate the greatest common factor of r and h.
10
Let c be -1 - -1*74 - (12 - 9). What is the greatest common factor of c and 10?
10
Let h = 25 - 24. Suppose 15 + 10 = 5*m. Calculate the greatest common divisor of m and h.
1
Let r = -23 - -57. What is the greatest common divisor of r and 51?
17
Let y(r) = -r**2 + 8*r + 1. Let c be y(7). Suppose 0 = -4*j + 4 + c. What is the greatest common divisor of j and 9?
3
Let c = -2 + 2. Suppose c*p - 4*p = g + 1, -4*g + 3*p + 15 = 0. Calculate the greatest common factor of g and 2.
1
Let g(v) be the first derivative of -v**3/3 - 3*v**2 - 6*v + 3. Let k be g(-6). Let o be (-7)/((-2)/(k/(-3))). Calculate the highest common divisor of 14 and o.
7
Suppose v + 9 = 5*t - 10, -3*v + 11 = 2*t. Let h = 6 - t. Suppose -5*n + h*n + 126 = 0. What is the highest common divisor of n and 14?
14
Suppose 2*f + 2*v + 3*v = 33, f - 4*v + 3 = 0. What is the greatest common factor of f and 63?
9
Let y(f) be the third derivative of 13*f**4/6 + f**3 + 3*f**2. Let r be y(3). Let b be 1/4 + (-142)/(-8). Calculate the highest common divisor of b and r.
18
Let k(r) = -r**2 - r - 4. Let z be k(0). Let l(n) = 3*n**2 + n + 4. Let i be l(z). Calculate the highest common divisor of 16 and i.
16
Suppose 863 = 5*v - 187. Calculate the highest common factor of v and 84.
42
Suppose 0 = -2*i + i - 4*x - 14, 20 = -5*x. Suppose -5 = t - 3*s, i*t - 4*s - 6 = -26. Let k = 40 + t. Calculate the highest common factor of k and 5.
5
Let f be 35*(1/(-5) - -2). Suppose -2*q + 12 = -2*d, 4*d + 34 = 5*q - 0*d. Suppose -q = -4*s + 158. Calculate the highest common factor of s and f.
21
Suppose -2*a = -5*t + 15 - 43, -2*t = -5*a + 28. Calculate the greatest common factor of 36 and a.
4
Let t be ((-5)/10 + 1)/(2/144). Let w = 15 - 11. What is the greatest common divisor of t and w?
4
Let t(b) = -2*b - 12. Let l(y) = -y**2 + 2*y - 12. Let p be l(0). Let v be t(p). What is the highest common divisor of 60 and v?
12
Suppose -2*u - 2*u = 0. Let x(g) = g**3 + g**2 + g + 99. Let d be x(u). What is the greatest common divisor of d and 9?
9
Let n = 260 + -458. Let u = -22 - -26. Let i be 2/4 - n/u. What is the highest common divisor of 20 and i?
10
Let o = -2 - -2. Let u be (4 - o)/(8/12). Let p(y) = -y + 1. Let l be p(-5). What is the greatest common factor of u and l?
6
Suppose -q + 9 + 31 = 0. Calculate the highest common factor of q and 5.
5
Let u(n) = -3*n**3 - 2*n**2 - 2*n + 1. Let k be u(-3). Let i = -5 - -3. Let j be 1/(i*2/(-56)). What is the greatest common divisor of j and k?
14
Let z be 2206/26 - (-2)/13. Let v = 140 - z. What is the highest common divisor of v and 22?
11
Suppose -2*u = -46 + 28. What is the highest common divisor of u and 12?
3
Let c be -1*(0 + -2 - 0). Let l be -1 + 1 + -4 + c. Let n(t) = -5*t + 2. Let y be n(l). What is the greatest common divisor of y and 12?
12
Let c(o) = o**3 - 2*o**2 - 3*o - 5. Let u be c(4). Suppose -2*i = 101 + 469. Let h = -165 - i. Calculate the highest common divisor of u and h.
15
Let n be 2/9 - ((-920)/18)/4. Calculate the highest common factor of n and 104.
13
Let w = 15 + 1. Let n = 20 - w. Let x be 41/1 + -1*1. What is the highest common divisor of x and n?
4
Suppose 5*h - 2*d = 280 + 599, 2*d - 346 = -2*h. Suppose 0 = -t + 6*t - h. What is the greatest common factor of 5 and t?
5
Let u be 14/(((-2)/3)/1). Let g = u - -51. What is the greatest common divisor of 20 and g?
10
Suppose -4*z + 97 = -3*z + 2*b, 0 = 2*z + 2*b - 184. Calculate the greatest common factor of 3 and z.
3
Let u(d) = -d**2 + 11*d + 5. Let i be u(10). Calculate the highest common factor of 165 and i.
15
Suppose 5*q = -3*y + 176, -q + 40 = -0*q + 3*y. What is the highest common factor of